 + 6, -4*f - f = -10. Suppose -r + 20 = -3*y, 0 = -4*r - l*y + 11 + t. What is the tens digit of r?
1
Let i = 2059 + -1108. Let q(f) = -f**2 - 5*f + 4. Let h be q(-6). What is the units digit of i/27 - h/(-9)?
5
Suppose -7*i + 810 = -i. Let a = i - 52. What is the units digit of a?
3
Let q(g) = 2*g - 6. Let o be q(5). Let r(y) = y**2 + 12*y - 85. Let z be r(-17). Suppose o*w - 76 = -z*w. What is the units digit of w?
9
Let i be (10 + -18)/((-1)/(-2)). Let m = -17 - i. What is the units digit of (-3)/m*7/3?
7
Let j(m) = -m**3 - 17*m**2 - 20*m - 22. Let w be j(-16). Suppose w = -2*u + 312. What is the hundreds digit of u?
1
Let a(f) = -43*f**2 + 14 + 9*f - f**3 - 7*f + 8*f + 46*f**2. What is the tens digit of a(-6)?
7
Suppose 0 = -2*i + 10, 5*f + 373 = -3*i + 3153. What is the tens digit of f?
5
Let g be (-20)/4 + 2 - 3/(-1). Suppose 3*t + 12 = g, 3*t - 4 = -3*y - 2*t. What is the units digit of y?
8
Let q be ((-10)/(-15))/(1/24). Let r = 20 - q. Suppose 2*a - 4*a = 2*v - 118, 3*a = r*v - 222. What is the tens digit of v?
5
Suppose 121 = 2*b - 589. Suppose -b - 257 = -6*k. Suppose -7*f = -508 + k. What is the units digit of f?
8
Let d be (-9)/(-36) - 30/(-8). Suppose 5*i + 4*x - x - 37 = 0, 0 = -d*i + 3*x + 8. Suppose 3*b + 0*b - 2*h = 54, -90 = -i*b - 2*h. What is the tens digit of b?
1
Suppose -2*h + 4*u - 198 - 152 = 0, u = 2*h + 353. Let j = h + 362. What is the tens digit of j?
8
Let m(n) = -n + 5. Let b be m(7). Let u be ((-8)/7)/(b/7). Suppose -4*q + 76 = -u*p, 0 = 3*q - 6*p + 2*p - 55. What is the units digit of q?
1
Let l(p) = -p**3 + p**2. Let b(q) = 12*q**3 + 8*q**2 - q. Let f(c) = b(c) - 6*l(c). What is the tens digit of f(1)?
1
Let c(s) be the first derivative of -5*s**2/2 - 10*s - 5. Let v(p) = -5*p - 11. Let z(r) = 5*c(r) - 6*v(r). What is the tens digit of z(6)?
4
Suppose 0 = 18*p - 11570 - 4342. What is the tens digit of p?
8
Suppose -3*c + 2721 = 5*g, 3*g - 5*g + 5*c + 1076 = 0. Let f = 822 - g. What is the hundreds digit of f?
2
Suppose 4*m + 4*w - 6 - 22 = 0, 2*m - 5*w - 7 = 0. Let v(b) = -b**2 - b. Let a(g) = g. Let n(h) = a(h) - v(h). What is the tens digit of n(m)?
4
Let m(g) = g**2 - 6*g + 3. Let y be m(6). Let u be ((-4)/y)/((-13)/39). Suppose 45 = u*l + 5*d, l - d = -l + 19. What is the units digit of l?
0
Let z(a) = -101*a**3 + 9*a + 12. What is the units digit of z(-2)?
2
Let p(y) = -15*y + 31. Let d be (-2 - 4/(-3)) + (-150)/18. What is the hundreds digit of p(d)?
1
Suppose 2*o = -3*o + 10. Let z(k) = -k + 3*k**3 - 4*k**3 - 3*k + 6*k**o + 5. What is the tens digit of z(5)?
1
Suppose -38*t - 7*t = -73755. What is the thousands digit of t?
1
Let g(p) = 5*p**2 + 7*p - 4. What is the units digit of g(3)?
2
Let t be -2 - (-157 + 15/5). Let v = t + -106. What is the tens digit of v?
4
Suppose 3*c = -p + 1287, 5*c - 5*p - 2128 = -p. What is the units digit of c?
8
Let l(i) = 5*i**2 - 3*i - 1. What is the tens digit of l(4)?
6
Suppose 12*w + 6 = 9*w. Suppose 5*l + 1 = 2*u - 0*l, -2*l + 5 = u. What is the units digit of (2 - u)/(w/48)?
4
Suppose 3*j = -5*j. Suppose -5*c = -5*g + 2*g + 4, j = g - 5*c + 2. What is the units digit of g?
3
Suppose 4*w - 2 = 5*b + 5, 3*b = -9. Let a = -8 + 5. What is the units digit of (a + -51 + -4)/w?
9
Let v = -58 - -37. Let o = 13 - v. What is the units digit of o?
4
Suppose 2*x = -x + 21. Suppose -10*d = -x*d - 84. What is the units digit of d?
8
Suppose 5*s - 42 = 4*r, 0 = 4*s + s + 5*r - 15. What is the tens digit of (5/2)/((-109)/(-18) - s)?
4
Let z(p) = 32*p**2 + 2*p - 1. Let b be z(1). Let c = b - -25. What is the tens digit of c?
5
Let q(s) = -141*s + 34. What is the units digit of q(-5)?
9
Let g = -29 + 31. What is the tens digit of g/6 - 534/(-18)?
3
Suppose 0 = -s + 3*k - 4*k + 972, -3*k = s - 978. What is the units digit of s?
9
Suppose 6*m = 29*m - 18607. What is the hundreds digit of m?
8
Let u(o) = o**2 + 2*o - 11. Let f(x) = 4*x**2 + 9*x - 44. Let g(i) = -2*f(i) + 9*u(i). What is the units digit of g(5)?
4
Suppose -20 = -n - 4*n. Suppose 4*a + l - 2 + 1 = 0, l - 1 = 4*a. Suppose 2*z - n*z + 60 = a. What is the tens digit of z?
3
Suppose -29 - 13 = -7*i. Suppose -i*s = -4*s. Suppose s = -2*c - 0*c + 18. What is the units digit of c?
9
Let b(i) = -i**2 - 23*i + 78. What is the hundreds digit of b(-12)?
2
Let a(q) = -q + 12. Let v be a(7). Suppose -12 = -v*f + 3*w - 0, 5*w = 5. Suppose -f*p + 99 = 15. What is the tens digit of p?
2
Let p = 7 + -10. What is the tens digit of (((-9)/(-3))/p + 167)/1?
6
Suppose 3*g = -0*g + 432. Let l = g + -34. What is the hundreds digit of l?
1
Suppose -2*v - 124 = -4*v. Suppose 16 - v = -x. Suppose x + 19 = 5*a. What is the tens digit of a?
1
What is the units digit of 264/((-1)/(-6)*(-9)/(-2))?
2
Let l be (18/(-10))/(2/(-10)). Let j = l + -8. Let c(v) = 23*v + 1. What is the units digit of c(j)?
4
Suppose -3*r = t - 7*r - 21, 3*r + 32 = 4*t. Suppose 0 = 3*d - 0*d - x + t, -2*d - 3 = -x. What is the tens digit of ((-742)/4)/7*d?
5
Let h(b) = -b**3 + 16*b**2 - 10*b - 27. What is the hundreds digit of h(11)?
4
Let p(f) = -3*f**2 - 6*f + 853. What is the units digit of p(0)?
3
What is the thousands digit of (-9)/15 + 214512/120?
1
Let k(p) = -18*p + 2. Let z be k(2). Suppose -8*h + 14 = -10. What is the units digit of 1/((1 - h)/z)?
7
Let q = 90 + -166. What is the units digit of -4*(-1)/((-4)/q) + 2?
8
Let n be (-90 + 0)/3*-3. Let d = n - -32. What is the hundreds digit of d?
1
Let f = 1169 + -932. What is the units digit of f?
7
Suppose k + 3*s = s + 2, 5*k + 2*s - 10 = 0. Let h be (4/k)/(6/(-39)). Let f = h - -25. What is the units digit of f?
2
Let v = -4325 + 8220. What is the hundreds digit of v?
8
Let u = 348 + -199. What is the tens digit of u?
4
Let m = 2257 - 1904. What is the tens digit of m?
5
Suppose -k + 3 = 12. What is the units digit of 4*k/(-2) - (-10 + 14)?
4
What is the hundreds digit of (56/(-28) + (-76)/10)*-140?
3
Let l = 64 + -55. Let u = l - -34. What is the tens digit of u?
4
Let q(f) = f**2 + 5*f - 26. Let m be q(-8). What is the tens digit of m*((-2)/15 + 1363/(-15))?
8
Let k(v) = -32*v - 15. Let g(z) = -1. Let y(j) = -4*g(j) + k(j). What is the tens digit of y(-4)?
1
Suppose 18*i = 21*i - 303. Let f = 198 - i. What is the units digit of f?
7
Let z(v) = v - 3. Suppose -y - 3*y - 3*x = -12, -5*y - 8 = -2*x. Let l be z(y). What is the tens digit of -1 - (l + -1 - 34)?
3
Suppose -8*z - 241 = -3625. What is the hundreds digit of z?
4
Let n = 33 + 390. What is the hundreds digit of n?
4
Let p(t) = t**3 - 8*t**2 + 3*t + 15. Let s be p(7). What is the tens digit of (-1181)/s - 2/(-13)?
9
Let q(a) = a**2 + 16*a - 20. Let g be (40/(-8) - -4)*(18 - -1). What is the tens digit of q(g)?
3
What is the units digit of 70/(-1 + 342/330) + -2?
3
What is the thousands digit of (-1 - -1519) + -79 + 75?
1
Let i be (-3 - -6)*(1 + 0). Suppose -82 = -i*q - 16. What is the units digit of q?
2
Let p be 478/(-10) + 2/(-10). Let m = -68 - p. What is the tens digit of (-3)/(4/m*1)?
1
Let j(g) = g**3 - 10*g**2 + 10*g + 3. Let w be j(9). Let n be 3*(-2)/3*-2. Suppose 5*f - 2*m - w = 0, 0 = n*f + 7*m - 2*m - 36. What is the units digit of f?
4
Let u be (-3)/(-2)*6/9. Suppose i + 3 = -5*o + u, -2*i - 4 = -3*o. Suppose o*t - 44 = -2*t. What is the units digit of t?
2
Let i(q) = -q**2 - 8*q - 7. Let u be i(-6). Suppose u = 3*s - 1. Suppose 3*m = 3*j + 39, 3*j = 10 + s. What is the tens digit of m?
1
Suppose -2*j + 722 = 104. What is the units digit of j?
9
Suppose -4*i - 48 = 5*f + 152, 5*i + 4*f = -250. Let t = i + 96. What is the units digit of t?
6
Suppose 4 = j + 6. What is the tens digit of (-1)/j*(8 + 54)?
3
Let z = -35 + 39. Let g be z/(5/((-1065)/(-6))). Suppose g - 42 = 2*r. What is the units digit of r?
0
Suppose -3*m - 1384 = 5*m. What is the tens digit of m/(-3) + 6/(-9)?
5
Suppose 4*t = -t - 870. Let a = t - -324. What is the tens digit of a?
5
Let k(i) = 3*i**2 - i - 16. Let l be k(0). What is the units digit of 20/l - (-1748)/16?
8
Let a(z) = z**2 - 4. Let c be a(4). Let j be (-6)/(-10) - 12192/20. What is the tens digit of 18/(-24) - j/c?
5
Suppose 5*g + 73 - 693 = 2*i, i = -2*g + 239. Suppose h - 20 = g. What is the hundreds digit of h?
1
Let p = 5 + -2. Let v = 102 - 15. Suppose -y = p*s - 57, -4*y - 3*s + 132 = -v. What is the units d